{"id":683,"date":"2024-05-20T11:13:50","date_gmt":"2024-05-20T09:13:50","guid":{"rendered":"https:\/\/linoa-soins.fr\/?page_id=683"},"modified":"2024-05-20T12:28:01","modified_gmt":"2024-05-20T10:28:01","slug":"remise-en-forme","status":"publish","type":"page","link":"https:\/\/linoa-soins.fr\/index.php\/remise-en-forme\/","title":{"rendered":"REMISE EN FORME"},"content":{"rendered":"\n<h2 class=\"wp-block-heading\">Mini Rebozo<\/h2>\n\n\n\n<p>Le mini Rebozo est une technique de remise en forme du bassin. Ce soin s&#8217;inspire de la &#8220;Cerrada&#8221;, rituel d&#8217;origine ancestrale mexicaine.<br>Pendant la grossesse et l&#8217;accouchement le bassin de la maman est extr\u00eamement sollicit\u00e9.<br>Le mini Rebozo peut se pratiquer d\u00e8s les premiers jours apr\u00e8s un accouchement physiologique, et apr\u00e8s 1 mois de cicatrisation en cas d&#8217;accouchement par c\u00e9sarienne*.<br>Il consiste en un enveloppement autour des hanches avec un ch\u00e2le traditionnel du Mexique pour resserrer le bassin tout en douceur.<\/p>\n\n\n\n<figure class=\"wp-block-image size-large\"><img loading=\"lazy\" decoding=\"async\" width=\"1024\" height=\"643\" src=\"https:\/\/linoa-soins.fr\/wp-content\/uploads\/2024\/05\/rebozo2-1024x643.png\" alt=\"\" class=\"wp-image-700\" srcset=\"https:\/\/linoa-soins.fr\/wp-content\/uploads\/2024\/05\/rebozo2-1024x643.png 1024w, https:\/\/linoa-soins.fr\/wp-content\/uploads\/2024\/05\/rebozo2-300x188.png 300w, https:\/\/linoa-soins.fr\/wp-content\/uploads\/2024\/05\/rebozo2-768x482.png 768w, https:\/\/linoa-soins.fr\/wp-content\/uploads\/2024\/05\/rebozo2-800x502.png 800w, https:\/\/linoa-soins.fr\/wp-content\/uploads\/2024\/05\/rebozo2.png 1376w\" sizes=\"auto, (max-width: 1024px) 100vw, 1024px\" \/><\/figure>\n\n\n\n<h2 class=\"wp-block-heading\">Bengkung<\/h2>\n\n\n\n<p>Le bandage du ventre bengkung est une technique de remise en forme du bassinet du ventre post-partum venu de la Malaisie. C&#8217;est un enveloppement de l&#8217;abdomen avec un long tissu de coton par voie physiologique et au moins 6 semaines apr\u00e8s un accouchement par c\u00e9sarienne*.<br>Le bengkung permet de retrouver tonicit\u00e9 de la ceinture abdominale, de soulager diff\u00e9rents maux li\u00e9s \u00e0 la grossesse, aux lunes rouges , et ainsi d&#8217;adopter une meilleure posture pour l&#8217;allaitement.<br>Le rituel du bengkung permet de reprendre en main sa f\u00e9minit\u00e9, une mani\u00e8re d&#8217;honorer le ventre f\u00e9minin o\u00f9 habite la vie, l&#8217;\u00e9nergie sexuelle \u2026 Et les \u00e9motions qui nous animent !<br><\/p>\n\n\n\n<figure class=\"wp-block-image size-large\"><img loading=\"lazy\" decoding=\"async\" width=\"1024\" height=\"643\" src=\"http:\/\/linoa-soins.fr\/wp-content\/uploads\/2024\/05\/rebozo-1024x643.png\" alt=\"\" class=\"wp-image-696\" srcset=\"https:\/\/linoa-soins.fr\/wp-content\/uploads\/2024\/05\/rebozo-1024x643.png 1024w, https:\/\/linoa-soins.fr\/wp-content\/uploads\/2024\/05\/rebozo-300x188.png 300w, https:\/\/linoa-soins.fr\/wp-content\/uploads\/2024\/05\/rebozo-768x482.png 768w, https:\/\/linoa-soins.fr\/wp-content\/uploads\/2024\/05\/rebozo-800x502.png 800w, https:\/\/linoa-soins.fr\/wp-content\/uploads\/2024\/05\/rebozo.png 1376w\" sizes=\"auto, (max-width: 1024px) 100vw, 1024px\" \/><\/figure>\n","protected":false},"excerpt":{"rendered":"<p>Mini Rebozo Le mini Rebozo est une technique de remise en forme du bassin. Ce soin s&#8217;inspire de la &#8220;Cerrada&#8221;, rituel d&#8217;origine ancestrale mexicaine.Pendant la grossesse et l&#8217;accouchement le bassin de la maman est extr\u00eamement sollicit\u00e9.Le mini Rebozo peut se pratiquer d\u00e8s les premiers jours apr\u00e8s un accouchement physiologique, et apr\u00e8s 1 mois de cicatrisation [&hellip;]<\/p>\n","protected":false},"author":1,"featured_media":696,"parent":0,"menu_order":0,"comment_status":"closed","ping_status":"closed","template":"","meta":{"footnotes":""},"class_list":["post-683","page","type-page","status-publish","has-post-thumbnail","hentry","has-thumbnail"],"_links":{"self":[{"href":"https:\/\/linoa-soins.fr\/index.php\/wp-json\/wp\/v2\/pages\/683","targetHints":{"allow":["GET"]}}],"collection":[{"href":"https:\/\/linoa-soins.fr\/index.php\/wp-json\/wp\/v2\/pages"}],"about":[{"href":"https:\/\/linoa-soins.fr\/index.php\/wp-json\/wp\/v2\/types\/page"}],"author":[{"embeddable":true,"href":"https:\/\/linoa-soins.fr\/index.php\/wp-json\/wp\/v2\/users\/1"}],"replies":[{"embeddable":true,"href":"https:\/\/linoa-soins.fr\/index.php\/wp-json\/wp\/v2\/comments?post=683"}],"version-history":[{"count":6,"href":"https:\/\/linoa-soins.fr\/index.php\/wp-json\/wp\/v2\/pages\/683\/revisions"}],"predecessor-version":[{"id":701,"href":"https:\/\/linoa-soins.fr\/index.php\/wp-json\/wp\/v2\/pages\/683\/revisions\/701"}],"wp:featuredmedia":[{"embeddable":true,"href":"https:\/\/linoa-soins.fr\/index.php\/wp-json\/wp\/v2\/media\/696"}],"wp:attachment":[{"href":"https:\/\/linoa-soins.fr\/index.php\/wp-json\/wp\/v2\/media?parent=683"}],"curies":[{"name":"wp","href":"https:\/\/api.w.org\/{rel}","templated":true}]}}