{"id":666,"date":"2024-05-20T09:03:55","date_gmt":"2024-05-20T07:03:55","guid":{"rendered":"https:\/\/linoa-soins.fr\/?page_id=666"},"modified":"2024-05-20T11:26:22","modified_gmt":"2024-05-20T09:26:22","slug":"les-bienfaits-du-massage-prenatal-et-postnatal","status":"publish","type":"page","link":"https:\/\/linoa-soins.fr\/index.php\/les-bienfaits-du-massage-prenatal-et-postnatal\/","title":{"rendered":"MASSAGES"},"content":{"rendered":"\n<h2 class=\"wp-block-heading\">Les Bienfaits du Massage Pr\u00e9natal et Postnatal<\/h2>\n\n\n\n<p>Le massage pr\u00e9natal et postnatal, enrichi de la pratique du shiatsu, offre une symphonie apaisante de bien-\u00eatre et de r\u00e9confort pour le corps et l&#8217;esprit. C&#8217;est un moment privil\u00e9gi\u00e9 vers un voyage de d\u00e9tente pour la future ou jeune maman, de connexion profonde avec soi-m\u00eame et son corps, vous permettant de r\u00e9duire le stress, de vous sentir plus sereine et apais\u00e9e, lutter contre la fatigue, les tensions musculaires et de retrouver un meilleur sommeil.<\/p>\n\n\n<figure class=\"wp-block-post-featured-image\"><img loading=\"lazy\" decoding=\"async\" width=\"600\" height=\"300\" src=\"https:\/\/linoa-soins.fr\/wp-content\/uploads\/2024\/05\/massage-600x300.png\" class=\"attachment-post-thumbnail size-post-thumbnail wp-post-image\" alt=\"\" style=\"object-fit:cover;\" \/><\/figure>\n\n\n<h2 class=\"wp-block-heading\">Massage Femme Pr\u00e9natal<\/h2>\n\n\n\n<p>Le massage de la femme enceinte s&#8217;effectue \u00e0 partir de la 16\u00e8me semaine de grossesse*.<br>La grossesse entraine des changements \u00e9motionnels et posturaux pour la future maman. Le massage pr\u00e9natal vous offre une soulagement des tensions physiques et une relaxation profonde pendant cette phase pr\u00e9cieuse de votre grossesse.<br>Le massage pour une future maman est un moment privil\u00e9gi\u00e9 pour communiquer avec son b\u00e9b\u00e9 en toute intimit\u00e9.<\/p>\n\n\n\n<figure class=\"wp-block-image size-large\"><img loading=\"lazy\" decoding=\"async\" width=\"1024\" height=\"643\" src=\"https:\/\/linoa-soins.fr\/wp-content\/uploads\/2024\/05\/massage2-1024x643.png\" alt=\"\" class=\"wp-image-687\" srcset=\"https:\/\/linoa-soins.fr\/wp-content\/uploads\/2024\/05\/massage2-1024x643.png 1024w, https:\/\/linoa-soins.fr\/wp-content\/uploads\/2024\/05\/massage2-300x188.png 300w, https:\/\/linoa-soins.fr\/wp-content\/uploads\/2024\/05\/massage2-768x482.png 768w, https:\/\/linoa-soins.fr\/wp-content\/uploads\/2024\/05\/massage2-1536x964.png 1536w, https:\/\/linoa-soins.fr\/wp-content\/uploads\/2024\/05\/massage2-2048x1286.png 2048w, https:\/\/linoa-soins.fr\/wp-content\/uploads\/2024\/05\/massage2-800x502.png 800w\" sizes=\"auto, (max-width: 1024px) 100vw, 1024px\" \/><\/figure>\n\n\n\n<h2 class=\"wp-block-heading\">Massage Revitalisant Postnatal<\/h2>\n\n\n\n<p>Le massage revitalisant postnatal peut s&#8217;effectuer d\u00e8s la 1\u00e8re semaine suivant l&#8217;accouchement par voie physiologique. En cas de c\u00e9sarienne, la maman doit patienter 15 jours apr\u00e8s l&#8217;accouchement ou apr\u00e8s la cicatrisation totale*. Le massage peut \u00e9galement \u00eatre l&#8217;occasion de se r\u00e9approprier son corps en douceur et de se r\u00e9concilier avec lui en r\u00e9duisant le stress, la fatigue physique, psychique et \u00e9motionnelle.<\/p>\n\n\n\n<figure class=\"wp-block-image size-large\"><img loading=\"lazy\" decoding=\"async\" width=\"1024\" height=\"643\" src=\"https:\/\/linoa-soins.fr\/wp-content\/uploads\/2024\/05\/massage3-1024x643.png\" alt=\"\" class=\"wp-image-689\" srcset=\"https:\/\/linoa-soins.fr\/wp-content\/uploads\/2024\/05\/massage3-1024x643.png 1024w, https:\/\/linoa-soins.fr\/wp-content\/uploads\/2024\/05\/massage3-300x188.png 300w, https:\/\/linoa-soins.fr\/wp-content\/uploads\/2024\/05\/massage3-768x482.png 768w, https:\/\/linoa-soins.fr\/wp-content\/uploads\/2024\/05\/massage3-1536x964.png 1536w, https:\/\/linoa-soins.fr\/wp-content\/uploads\/2024\/05\/massage3-2048x1286.png 2048w, https:\/\/linoa-soins.fr\/wp-content\/uploads\/2024\/05\/massage3-800x502.png 800w\" sizes=\"auto, (max-width: 1024px) 100vw, 1024px\" \/><\/figure>\n","protected":false},"excerpt":{"rendered":"<p>Les Bienfaits du Massage Pr\u00e9natal et Postnatal Le massage pr\u00e9natal et postnatal, enrichi de la pratique du shiatsu, offre une symphonie apaisante de bien-\u00eatre et de r\u00e9confort pour le corps et l&#8217;esprit. C&#8217;est un moment privil\u00e9gi\u00e9 vers un voyage de d\u00e9tente pour la future ou jeune maman, de connexion profonde avec soi-m\u00eame et son corps, [&hellip;]<\/p>\n","protected":false},"author":1,"featured_media":681,"parent":0,"menu_order":0,"comment_status":"closed","ping_status":"closed","template":"","meta":{"footnotes":""},"class_list":["post-666","page","type-page","status-publish","has-post-thumbnail","hentry","has-thumbnail"],"_links":{"self":[{"href":"https:\/\/linoa-soins.fr\/index.php\/wp-json\/wp\/v2\/pages\/666","targetHints":{"allow":["GET"]}}],"collection":[{"href":"https:\/\/linoa-soins.fr\/index.php\/wp-json\/wp\/v2\/pages"}],"about":[{"href":"https:\/\/linoa-soins.fr\/index.php\/wp-json\/wp\/v2\/types\/page"}],"author":[{"embeddable":true,"href":"https:\/\/linoa-soins.fr\/index.php\/wp-json\/wp\/v2\/users\/1"}],"replies":[{"embeddable":true,"href":"https:\/\/linoa-soins.fr\/index.php\/wp-json\/wp\/v2\/comments?post=666"}],"version-history":[{"count":11,"href":"https:\/\/linoa-soins.fr\/index.php\/wp-json\/wp\/v2\/pages\/666\/revisions"}],"predecessor-version":[{"id":690,"href":"https:\/\/linoa-soins.fr\/index.php\/wp-json\/wp\/v2\/pages\/666\/revisions\/690"}],"wp:featuredmedia":[{"embeddable":true,"href":"https:\/\/linoa-soins.fr\/index.php\/wp-json\/wp\/v2\/media\/681"}],"wp:attachment":[{"href":"https:\/\/linoa-soins.fr\/index.php\/wp-json\/wp\/v2\/media?parent=666"}],"curies":[{"name":"wp","href":"https:\/\/api.w.org\/{rel}","templated":true}]}}